s i a prime number?
False
Let p(f) = f**3 + 6*f**2 - 8*f - 2. Let r be p(-6). Suppose 5*z - 4*i = -15, -2*z = -5*z - 5*i - r. Let g(q) = -9*q - 10. Is g(z) a prime number?
True
Is 24/(-6)*(-262)/8 a prime number?
True
Suppose 3*u + 0*u - 1239 = -5*p, 0 = p. Is u a composite number?
True
Suppose -j + 11 = k, -2*j + 23 = k + 3*j. Suppose -k*p = -3*p - 125. Is (-10)/4*(-330)/p a composite number?
True
Let p = -390 + 264. Let r = 17 - p. Is r a composite number?
True
Suppose -5*u + 465 = 2*g - g, 4*g - 1898 = -u. Suppose -3*q - 2*h = -g, 5*q - h - h - 781 = 0. Is q a composite number?
False
Suppose 6*f - f = 15. Is (-58 + 1)*(-1)/f a prime number?
True
Suppose 4*j + 0*j - 1024 = 3*w, 0 = -5*w - 20. Is j a prime number?
False
Let p = 6 + -6. Suppose 2*t + 2*m = 120, p*t - 3*m + 239 = 4*t. Is t composite?
False
Let u(l) = -l**3 - 7*l**2 - 32*l - 7. Is u(-10) composite?
False
Suppose 4*q - 124 - 4 = 2*t, -4*q + 156 = 5*t. Is q a composite number?
True
Suppose -2*g - 20 = -0*g. Is 2/2*(-790)/g a composite number?
False
Let h = -10 + 14. Let u(j) = -j**3 - 3 - 3*j**2 + 2*j**3 + 0*j**3. Is u(h) a prime number?
True
Suppose -2*s + 2*v + 236 = 0, -3*v = 2*s - 0*v - 241. Suppose 0 = -2*b - 5*g + s, -3*g = -b - 0*g + 76. Is (-8)/(-12) - b/(-3) composite?
False
Is (62/5)/(18/45) a composite number?
False
Suppose -3*b + 4*b - 1 = j, -3 = 3*b + 3*j. Suppose -10 = -5*n - b. Suppose 0 = -3*p + p + n*u + 260, -4*p + 496 = 4*u. Is p a composite number?
False
Let x = -446 + 1404. Is x a composite number?
True
Let k(m) = 161*m + 421*m + 43*m - 1 - 147*m. Let s be k(2). Suppose -v + s = 4*v. Is v a composite number?
False
Let v be (-935)/(-25) - (-6)/10. Let w be v/8 + 6/(-8). Suppose 2*o - 4*j + 186 = w*o, -2*j = -6. Is o composite?
True
Suppose -5*u = k + 9, 0 = 5*k + 4*u - 7 - 53. Let v be 21/14*k/6. Suppose h = v*d - 48, -3*d + 3*h - 2*h = -35. Is d a composite number?
False
Suppose i - 651 = -2*i. Is i a composite number?
True
Let y = -51 - -29. Let f = y + 75. Is f composite?
False
Suppose 93 - 4 = u. Is u a prime number?
True
Suppose -5*m = y - 1539, -7*y - 901 = -3*m - 2*y. Let h = 31 - 23. Is m/4 - (-2)/h composite?
True
Let l(t) = -t**2 - 7*t - 6. Let b be l(-5). Let r = b + -2. Suppose -3*u = -3*i + 34 + r, -4*i + 57 = -u. Is i prime?
False
Let s(x) = -3*x**2 - 3*x + 3. Let y be s(-3). Let o(u) = -51*u**2 - 1. Let i be o(1). Let m = y - i. Is m prime?
True
Let d(h) = -h**2 + 2*h + 1. Let n be d(3). Let j be 2 - (1 - 1)/n. Suppose -3*v + j*z + 161 = 0, -v + 2*z + 67 = 12. Is v a composite number?
False
Let v(d) = -d**2 - 4. Let q be v(3). Let r(g) = 2*g**2 + 6*g - 8. Let u be r(-6). Let t = u + q. Is t a prime number?
False
Let i(o) = o**3 + 6*o**2 + 5*o. Let m be (-1 - -3)/((-2)/5). Let h be i(m). Suppose -2*t + 3*t - 35 = h. Is t a composite number?
True
Let g be 6/(-21) - 40/7. Suppose 0 = -2*x + 3*x - 9. Is g/4*(-1758)/x composite?
False
Let s be 5*-1 - (1 - 3). Let y(k) = k**2 + k - 3. Is y(s) composite?
False
Suppose 10*g = 377 + 1853. Is g a composite number?
False
Let u(s) = -s**3 + 8*s**2 + 11*s - 13. Let n be u(9). Suppose 0*p - 3*p + 330 = -v, -n*v = -p + 96. Is p a prime number?
False
Suppose 0 = -4*v + 361 - 2437. Let q = v + 964. Let k = q + -318. Is k composite?
False
Let k(d) = d + 187. Is k(0) composite?
True
Let g(a) = a**3 - 14*a**2 - 10*a - 10. Is g(15) composite?
True
Let j = 31 + 82. Is j composite?
False
Let c be 12/8*2/1. Let n be 1 + ((-3)/c - -2). Is (14/4)/(n/20) a prime number?
False
Suppose r + r - 430 = 0. Is r composite?
True
Let j(f) be the first derivative of -f**3/3 - 15*f**2/2 + 3*f - 2. Let g(h) = -h**3 - 7*h**2 + h - 2. Let q be g(-7). Is j(q) a composite number?
True
Suppose -6 = -2*p + 2. Suppose -127 = p*j - 5*j. Is j prime?
True
Let f(d) = d**3 - 6*d**2 + 5*d - 1. Let i be f(5). Let w = i + -6. Let y(u) = u**2 + 7*u + 2. Is y(w) prime?
True
Let z(l) = 4*l**2 - l. Let h be z(1). Suppose s = 3*g + 15, h*g - 4*g = 4*s - 60. Is s prime?
False
Let c(g) = -g**3 + 5*g**2. Let i be c(5). Let m = i - 1. Is (m - (-42)/3)*1 a prime number?
True
Let u(d) = d**3 + 6*d**2 + d + 3. Suppose -7 - 17 = 4*a. Let m be u(a). Is -1*-1*(-267)/m a prime number?
True
Let h be (-9)/3 - 0 - 1. Let t(z) = -9*z + 12. Let c(u) = -9*u + 11. Let b(n) = h*t(n) + 5*c(n). Is b(-8) a composite number?
False
Suppose 0 = a - 526 - 205. Is a prime?
False
Suppose -3 = 4*s + 5*z + 6, 21 = 4*s - z. Suppose s*c - 620 = -5*j, 7*c - 775 = 2*c - 3*j. Is c a prime number?
False
Suppose -2*g + 4*g = 0. Suppose g*a - 84 = -3*a. Suppose -5*j + 2*f = -0*f - 75, -j = -3*f - a. Is j composite?
False
Suppose c + 4*c + 1190 = 3*x, 0 = 4*x + 2*c - 1578. Is x a prime number?
False
Let q(h) be the third derivative of -h**4/8 - 2*h**3/3 - 2*h**2. Let x be q(-3). Suppose -x*v - 8 + 63 = 0. Is v a prime number?
True
Suppose -2*l + 2*x = 2*l + 2, 2*x - 4 = 2*l. Suppose 0 = -4*f + l + 3. Is f/(-4) + 305/20 composite?
True
Let u(f) = f + 1. Let i(a) = -16*a - 1. Let p(k) = k. Let x(c) = -i(c) - 2*p(c). Let t(y) = -6*u(y) + x(y). Is t(5) a prime number?
False
Let f(g) = -2*g - 3. Let b be f(-5). Let q(r) = -8*r - r**3 + 8*r**2 + 8 - 2*r + 4*r. Is q(b) a composite number?
True
Let c(f) = 260*f + 21. Is c(8) prime?
False
Suppose 4*c = 2*c + 2. Let p(i) = -i**3 - 6*i**2 + 3. Let a be p(-6). Is c/(0 + a/21) a composite number?
False
Let r be (-1*1)/((-5)/(-105)). Let j = r - -135. Suppose 4*f + j = 2*i, 2*i - 5*f - 62 = 47. Is i a prime number?
True
Suppose 3*r = -3*k + 6804, -5*k = -8*k + 5*r + 6812. Is k composite?
False
Let m = 8 + -4. Suppose -p = -m*l + 265, 4*l = 6*l - 2*p - 140. Is l a prime number?
False
Let l = -24 + 47. Is l a composite number?
False
Let v(s) = -s**3 + 9*s**2 - 8*s - 4. Let u be v(8). Let o(w) = -26*w + 2. Is o(u) a composite number?
True
Let n(p) = p**2 - 2*p - 1. Let t be n(3). Suppose 159 = t*l + l. Is l composite?
False
Let b(p) be the third derivative of -p**9/5040 + p**7/2520 + p**6/720 + p**5/60 - 2*p**2. Let o(w) be the third derivative of b(w). Is o(-1) a prime number?
True
Suppose -5*g = -2*u - u + 4, 5*u + 5*g = 20. Suppose x = u*x - 310. Is x a prime number?
False
Suppose -14 = -5*u - 3*m, -3*u - m + 4*m + 18 = 0. Suppose -27 = -o - l, -5*o + u*l - 11 = -119. Let a = o - 1. Is a composite?
False
Let r(c) = -72*c - 3. Let n be r(-6). Suppose n = 4*f - 95. Is f prime?
True
Suppose -5*n + 2*s + 30 = 0, s = 4*n - s - 26. Let y be n/(-18) + 302/(-18). Let k = y + 94. Is k prime?
False
Suppose 4 - 11 = -x. Let d(m) = 2 + 3*m - 1 + x*m**2 - m - m. Is d(2) a prime number?
True
Let r(p) = 6*p. Let l(m) = -19*m + 1. Let n(t) = 2*l(t) + 7*r(t). Is n(2) prime?
False
Suppose -r - r = -4. Suppose -r*m + 35 + 9 = 0. Is m a composite number?
True
Let h(k) = 647*k**3 + 2*k - 1. Let b be h(1). Suppose -2*m = 2*m + b. Let y = m + 347. Is y composite?
True
Is (-3)/(3/(-374)) + -3 prime?
False
Let t be (2 - 2)*2/(-2). Suppose 3*q - 123 - 342 = t. Is q composite?
True
Let j(l) = -3*l + 1. Let p be j(-1). Let y = -4 - -8. Suppose 3*b - 5*t - 49 - 125 = 0, -p*t = -y*b + 224. Is b a composite number?
False
Suppose 4*t - 1226 = 2*o, 0 = 5*t - 5*o + 8*o - 1538. Is t a prime number?
True
Suppose 4*i = -0*r - r + 77, -92 = -5*i + 3*r. Is i prime?
True
Suppose -3*d + 2*d + 5*a = -2723, 2*d = 4*a + 5446. Is d a composite number?
True
Let k be 3*-1 + 6/6. Let j(h) = 7*h**3 - 6*h**2 - 8*h - 17. Let c(b) = 4*b**3 - 3*b**2 - 4*b - 9. Let g(y) = -11*c(y) + 6*j(y). Is g(k) prime?
False
Let d(g) = 11*g**2 - 8*g - 1. Is d(4) prime?
False
Suppose -208*d = -203*d - 1175. Is d prime?
False
Let x(w) = 3*w**2 + 4*w + 19. Is x(-6) prime?
True
Let q = 2878 - 1817. Is q prime?
True
Let l be (-2)/((-8)/20) - 3. Suppose 2*a = -a - l*c + 1011, -3*a = -4*c - 1011. Is a a prime number?
True
Let r = -5 - -7. Suppose 3*b = 5*y + 277, -r*b - y - 4*y + 218 = 0. Suppose 4*u = b - 23. Is u a composite number?
False
Is ((-26)/(-4))/(13/4082) composite?
True
Suppose 47 + 58 = 5*i. Suppose -o - 3*o + 2*q = 18, 3*o + 21 = 3*q. Let r = o + i. Is r a prime number?
True
Let p(f) = f**2 - 14*f + 18. Let l be p(13). Let o(j) = -6*j + 9*j + 5*j**2 - 7 - j**3 + 5*j. Is o(l) a composite number?
True
Suppose 2*m - 7 = 2*a - 5, -m + 4 = -4*a. Is (0 - -3)*19 - m a composite number?
True
Suppose 0 = 8*m - 4*m + 5*